{"id":3495,"date":"2021-06-23T08:02:42","date_gmt":"2021-06-23T08:02:42","guid":{"rendered":"https:\/\/decuatro.es\/?page_id=3495"},"modified":"2021-06-23T08:02:42","modified_gmt":"2021-06-23T08:02:42","slug":"politica-de-privacitat","status":"publish","type":"page","link":"https:\/\/decuatro.es\/ca\/politica-de-privacitat\/","title":{"rendered":"Pol\u00edtica de privacitat"},"content":{"rendered":"\n<style type=\"text\/css\" data-created_by=\"avia_inline_auto\" id=\"style-css-av-av_heading-7e2e0a83a8464be06d442ba543de6047\">\n#top .av-special-heading.av-av_heading-7e2e0a83a8464be06d442ba543de6047{\npadding-bottom:10px;\n}\nbody .av-special-heading.av-av_heading-7e2e0a83a8464be06d442ba543de6047 .av-special-heading-tag .heading-char{\nfont-size:25px;\n}\n.av-special-heading.av-av_heading-7e2e0a83a8464be06d442ba543de6047 .av-subheading{\nfont-size:15px;\n}\n<\/style>\n<div  class='av-special-heading av-av_heading-7e2e0a83a8464be06d442ba543de6047 av-special-heading-h3  avia-builder-el-0  el_before_av_textblock  avia-builder-el-first '><h3 class='av-special-heading-tag'  itemprop=\"headline\"  >Av\u00eds legal<\/h3><div class=\"special-heading-border\"><div class=\"special-heading-inner-border\"><\/div><\/div><\/div>\n<section  class='av_textblock_section av-av_textblock-32af9c344aeda5838e62bcf702809feb'  itemscope=\"itemscope\" itemtype=\"https:\/\/schema.org\/CreativeWork\" ><div class='avia_textblock'  itemprop=\"text\" ><p>Aquest lloc web utilitza cookies que permeten el funcionament i la prestaci\u00f3 dels serveis oferts en el mateix. No recull ni cedeix dades de car\u00e0cter personal dels usuaris.<\/p>\n<p>Aquest lloc web cont\u00e9 enlla\u00e7os a llocs web de tercers amb pol\u00edtiques de privacitat pr\u00f2pies que podr\u00e0 acceptar o no quan accedeixi a aquests llocs.<\/p>\n<p>L&#8217;informem que aquest lloc web \u00e9s propietat de <strong>D&#8217;4 Distribuciones Hospitalarias, S.L.<\/strong><\/p>\n<p><strong>\u00a0<\/strong><\/p>\n<p>Denominaci\u00f3 social: D&#8217;4 Distribuciones Hospitalarias, S.L.<\/p>\n<p>NIF: B63190045<\/p>\n<p>Domicili social: Sant Quint\u00ed, 37-45, Esc. B Entr. 08041 Barcelona<\/p>\n<p>Tel\u00e8fon: 934 463 460<\/p>\n<p>Correu electr\u00f2nic:<u> comercial@decuatro.es<\/u><\/p>\n<p>Dades d&#8217;inscripci\u00f3 en el registre mercantil: Tomo: 35.574 general. Folio: 86. Hoja: 272.780 inscripci\u00f3n 1\u00aa. Secc.: GENERAL<\/p>\n<p><strong>Propietat intel\u00b7lectual i industrial<\/strong><\/p>\n<p>El disseny de el lloc, aix\u00ed com els logotips, marques i altres signes distintius propis i de tercers que apareixen en el mateix pertanyen als seus respectius propietaris i estan protegits si escau pels corresponents drets de propietat intel\u00b7lectual i industrial.<\/p>\n<p>Es prohibeix la reproducci\u00f3 total o parcial dels continguts publicats.<\/p>\n<p>D&#8217;4 es reserva el dret a realitzar canvis en el lloc web sense previ av\u00eds a l&#8217;objecte de mantenir actualitzada la seva informaci\u00f3.<\/p>\n<\/div><\/section>\n\n<style type=\"text\/css\" data-created_by=\"avia_inline_auto\" id=\"style-css-av-av_heading-fa5ac1ffa007b2d1254ea1e6ef29f7b7\">\n#top .av-special-heading.av-av_heading-fa5ac1ffa007b2d1254ea1e6ef29f7b7{\npadding-bottom:10px;\n}\nbody .av-special-heading.av-av_heading-fa5ac1ffa007b2d1254ea1e6ef29f7b7 .av-special-heading-tag .heading-char{\nfont-size:25px;\n}\n.av-special-heading.av-av_heading-fa5ac1ffa007b2d1254ea1e6ef29f7b7 .av-subheading{\nfont-size:15px;\n}\n<\/style>\n<div  class='av-special-heading av-av_heading-fa5ac1ffa007b2d1254ea1e6ef29f7b7 av-special-heading-h3  avia-builder-el-2  el_after_av_textblock  el_before_av_textblock '><h3 class='av-special-heading-tag'  itemprop=\"headline\"  >Pol\u00edtica de Cookies<\/h3><div class=\"special-heading-border\"><div class=\"special-heading-inner-border\"><\/div><\/div><\/div>\n<section  class='av_textblock_section av-av_textblock-32af9c344aeda5838e62bcf702809feb'  itemscope=\"itemscope\" itemtype=\"https:\/\/schema.org\/CreativeWork\" ><div class='avia_textblock'  itemprop=\"text\" ><p>D&#8217;4 no utilitza cookies per recollir informaci\u00f3 dels usuaris. \u00danicament s&#8217;utilitzen galetes pr\u00f2pies, de sessi\u00f3 i aquelles amb finalitat t\u00e8cnica (permeten l&#8217;usuari la navegaci\u00f3 a trav\u00e9s del lloc web i la utilitzaci\u00f3 de les diferents opcions i serveis que en ella existeixen).<\/p>\n<p>El lloc de qu\u00e8 \u00e9s titular D&#8217;4 cont\u00e9 enlla\u00e7os a llocs web de tercers, les pol\u00edtiques de galetes s\u00f3n alienes a la de D&#8217;abril. A l&#8217;acc\u00e9s a llocs web podr\u00e0 decidir si accepta la seva pol\u00edtica de cookies. Amb car\u00e0cter general, si navega per internet, vost\u00e8 pot acceptar o rebutjar les galetes de tercers des de les opcions de configuraci\u00f3 del seu navegador.<\/p>\n<p>Espec\u00edficament, D&#8217;abril fa servir:<\/p>\n<p>Cookie de consentiment: es diu \u00abcookie_notice_accepted\u00bb i serveix per identificar usuaris que ja han acceptat la nostra pol\u00edtica de cookies.<\/p>\n<p>Google Analytics: serveixen per analitzar l&#8217;experi\u00e8ncia de navegaci\u00f3 de l&#8217;usuari, i permetre&#8217;ns millorar la nostra web per adaptar-nos a les seves necessitats. Normalment romanen un temps en el navegador d&#8217;usuari, fins que s&#8217;esborrin les galetes de el navegador o passi el temps definit per ser esborrat. Es diuen _ga, _ga *, i _gid. M\u00e9s informaci\u00f3: https:\/\/support.google.com\/analytics\/answer\/6004245?hl=es<\/p>\n<p><strong>Qu\u00e8 \u00e9s una cookie?<\/strong><\/p>\n<p>Una galeta \u00e9s un petit fitxer de text que s&#8217;emmagatzema en el seu navegador quan visita gaireb\u00e9 qualsevol p\u00e0gina web. La seva utilitat \u00e9s que el web sigui capa\u00e7 de recordar la seva visita quan torni a navegar per aquesta p\u00e0gina. Les galetes solen emmagatzemar informaci\u00f3 de car\u00e0cter t\u00e8cnic, prefer\u00e8ncies personals, personalitzaci\u00f3 de continguts, estad\u00edstiques d&#8217;\u00fas, enlla\u00e7os a xarxes socials, acc\u00e9s a comptes d&#8217;usuari, etc. L&#8217;objectiu de la galeta \u00e9s adaptar el contingut de la web al seu perfil i necessitats.<\/p>\n<p>Tipus de galetes<\/p>\n<p>Pr\u00f2pies<\/p>\n<p>S\u00f3n aquelles que s&#8217;envien a l&#8217;equip terminal de l&#8217;usuari des d&#8217;un equip o domini gestionat pel propi editor i des del qual es presta el servei sol\u00b7licitat per l&#8217;usuari.<\/p>\n<p>De tercers<\/p>\n<p>Aquelles que s&#8217;envien a l&#8217;equip terminal de l&#8217;usuari des d&#8217;un equip o domini gestionat per una altra entitat que tracta les dades obtingudes mitjan\u00e7ant les galetes i no per l&#8217;editor.<\/p>\n<p>Galetes de sessi\u00f3:<\/p>\n<p>Permeten recordar prefer\u00e8ncies de navegaci\u00f3 de l&#8217;usuari de la p\u00e0gina durant el temps que duri la visita, i fins que l&#8217;usuari tanca el navegador.<\/p>\n<p>Galetes persistents:<\/p>\n<p>Les dades segueixen emmagatzemats durant un per\u00edode definit pel responsable de la galeta.<\/p>\n<p>Galetes t\u00e8cniques:<\/p>\n<p>Permeten la navegaci\u00f3 a trav\u00e9s d&#8217;una p\u00e0gina web aix\u00ed com la utilitzaci\u00f3 de les diferents opcions o serveis que inclogui.<\/p>\n<p>Galetes d&#8217;an\u00e0lisi:<\/p>\n<p>Recullen informaci\u00f3 sobre el tipus de navegaci\u00f3 i comportament dels usuaris.<\/p>\n<p>Galetes de publicitat:<\/p>\n<p>Mostren publicitat en funci\u00f3 de la navegaci\u00f3, pa\u00eds de proced\u00e8ncia, idioma, etc.<\/p>\n<p>Galetes de prefer\u00e8ncia:<\/p>\n<p>Permeten recordar informaci\u00f3 de l&#8217;usuari, com ara l&#8217;idioma.<\/p>\n<p>Es poden desactivar les galetes?<\/p>\n<p>Les galetes es poden eliminar i tamb\u00e9 deixar d&#8217;acceptar, de forma general o particular per a un domini espec\u00edfic.<\/p>\n<p>Per canviar la configuraci\u00f3 de les galetes d&#8217;un lloc web haur\u00e0 d&#8217;anar a la configuraci\u00f3 que normalment es troben en &#8220;opcions&#8221; o &#8220;prefer\u00e8ncies&#8221; de el men\u00fa del seu navegador.<\/p>\n<p>A continuaci\u00f3, l&#8217;orientem sobre com accedir als men\u00fas dels principals navegadors:<\/p>\n<p>Internet Explorer: Eines -&gt; Opcions d&#8217;Internet -&gt; Privacitat -&gt; Configuraci\u00f3.<\/p>\n<p>Firefox: Eines -&gt; Opcions -&gt; Privadesa -&gt; Hist\u00f2ric -&gt; Configuraci\u00f3 personalitzada.<\/p>\n<p>Chrome: Configuraci\u00f3 -&gt; Mostra opcions avan\u00e7ades -&gt; Privadesa -&gt; Configuraci\u00f3 de contingut.<\/p>\n<p>Safari: Prefer\u00e8ncies -&gt; Seguretat<\/p>\n<\/div><\/section>\n\n<style type=\"text\/css\" data-created_by=\"avia_inline_auto\" id=\"style-css-av-av_heading-fbb3f7fb191e523f2392feefdc4f5dfa\">\n#top .av-special-heading.av-av_heading-fbb3f7fb191e523f2392feefdc4f5dfa{\npadding-bottom:10px;\n}\nbody .av-special-heading.av-av_heading-fbb3f7fb191e523f2392feefdc4f5dfa .av-special-heading-tag .heading-char{\nfont-size:25px;\n}\n.av-special-heading.av-av_heading-fbb3f7fb191e523f2392feefdc4f5dfa .av-subheading{\nfont-size:15px;\n}\n<\/style>\n<div  class='av-special-heading av-av_heading-fbb3f7fb191e523f2392feefdc4f5dfa av-special-heading-h3  avia-builder-el-4  el_after_av_textblock  el_before_av_textblock '><h3 class='av-special-heading-tag'  itemprop=\"headline\"  >Pol\u00edtica de privacitat<\/h3><div class=\"special-heading-border\"><div class=\"special-heading-inner-border\"><\/div><\/div><\/div>\n<section  class='av_textblock_section av-av_textblock-32af9c344aeda5838e62bcf702809feb'  itemscope=\"itemscope\" itemtype=\"https:\/\/schema.org\/CreativeWork\" ><div class='avia_textblock'  itemprop=\"text\" ><p>A trav\u00e9s d&#8217;aquest lloc web no es recullen dades de car\u00e0cter personal dels usuaris.<\/p>\n<p>D&#8217;4 no utilitza cookies per recollir informaci\u00f3 dels usuaris, ni registra les adreces IP d&#8217;acc\u00e9s. \u00danicament s&#8217;utilitzen galetes pr\u00f2pies, de sessi\u00f3, amb finalitat t\u00e8cnica (aquelles que permeten a l&#8217;usuari la navegaci\u00f3 a trav\u00e9s del lloc web i la utilitzaci\u00f3 de les diferents opcions i serveis que en ella existeixen).<\/p>\n<p>El lloc de qu\u00e8 \u00e9s titular D&#8217;4 cont\u00e9 enlla\u00e7os a llocs web de tercers, les pol\u00edtiques de privacitat s\u00f3n alienes a la de la D&#8217;4. A l&#8217;accedir a aquests llocs web vost\u00e8 pot decidir si accepta la seva pol\u00edtica de privacitat.<\/p>\n<p>A continuaci\u00f3, posem a la seva disposici\u00f3 la informaci\u00f3 sobre la pol\u00edtica de protecci\u00f3 de dades de D&#8217;4.<\/p>\n<p><strong>Responsable de l&#8217;tractament<\/strong><\/p>\n<p>Les dades de car\u00e0cter personal que es puguin demanar directament de la persona interessada seran tractades de forma confidencial i quedaran incorporades a la corresponent activitat de tractament titularitat de D&#8217;4.<\/p>\n<p><strong>Finalitat<\/strong><\/p>\n<p>La finalitat de l&#8217;tractament de les dades \u00e9s exclusivament mantenir relacions professionals o comercials.<\/p>\n<p><strong>Legitimaci\u00f3<\/strong><\/p>\n<p>La base legal per al tractament de les seves dades \u00e9s el consentiment que presta a l&#8217;acceptar aquesta Pol\u00edtica de Privacitat abans de facilitar-nos les seves dades.<\/p>\n<p><strong>Conservaci\u00f3 de dades<\/strong><\/p>\n<p>Les dades proporcionades es conservaran durant el temps necessari per complir amb la finalitat per a la qual es recullen i per determinar les possibles responsabilitats que es puguin derivar de la finalitat, a m\u00e9s dels per\u00edodes establerts en la normativa d&#8217;arxius i documentaci\u00f3.<\/p>\n<p><strong>Comunicaci\u00f3 de dades<\/strong><\/p>\n<p>D&#8217;4 no comunicar\u00e0 les seves dades a tercers, llevat que se l&#8217;informi expressament d&#8217;aix\u00f2 o hagi obligaci\u00f3 legal.<\/p>\n<p><strong>Drets dels interessats<\/strong><\/p>\n<p>Els drets de protecci\u00f3 de dades de qu\u00e8 disposa com a interessat o titular s\u00f3n: acc\u00e9s, rectificaci\u00f3, supressi\u00f3, oposici\u00f3, limitaci\u00f3 i portabilitat de les seves dades; aix\u00ed com a no ser objecte de decisions automatitzades.<\/p>\n<p>Podr\u00e0 exercir aquests drets dirigint un escrit a el domicili social de D&#8217;4 o a l&#8217;correu electr\u00f2nic comercial@decuatro.es, incloent fotoc\u00f2pia del seu DNI o document d&#8217;identificaci\u00f3 equivalent.<\/p>\n<p>Disposa aix\u00ed mateix d&#8217;el dret i la possibilitat de retirar el consentiment pr\u00e8viament atorgat per a qualsevol finalitat espec\u00edfica.<\/p>\n<\/div><\/section>\n","protected":false},"excerpt":{"rendered":"","protected":false},"author":1,"featured_media":0,"parent":0,"menu_order":0,"comment_status":"closed","ping_status":"open","template":"","meta":{"footnotes":""},"class_list":["post-3495","page","type-page","status-publish","hentry"],"_links":{"self":[{"href":"https:\/\/decuatro.es\/ca\/wp-json\/wp\/v2\/pages\/3495","targetHints":{"allow":["GET"]}}],"collection":[{"href":"https:\/\/decuatro.es\/ca\/wp-json\/wp\/v2\/pages"}],"about":[{"href":"https:\/\/decuatro.es\/ca\/wp-json\/wp\/v2\/types\/page"}],"author":[{"embeddable":true,"href":"https:\/\/decuatro.es\/ca\/wp-json\/wp\/v2\/users\/1"}],"replies":[{"embeddable":true,"href":"https:\/\/decuatro.es\/ca\/wp-json\/wp\/v2\/comments?post=3495"}],"version-history":[{"count":2,"href":"https:\/\/decuatro.es\/ca\/wp-json\/wp\/v2\/pages\/3495\/revisions"}],"predecessor-version":[{"id":3497,"href":"https:\/\/decuatro.es\/ca\/wp-json\/wp\/v2\/pages\/3495\/revisions\/3497"}],"wp:attachment":[{"href":"https:\/\/decuatro.es\/ca\/wp-json\/wp\/v2\/media?parent=3495"}],"curies":[{"name":"wp","href":"https:\/\/api.w.org\/{rel}","templated":true}]}}

Política de privacitat

<style type="text/css" data-created_by="avia_inline_auto" id="style-css-av-av_heading-7e2e0a83a8464be06d442ba543de6047">
#top .av-special-heading.av-av_heading-7e2e0a83a8464be06d442ba543de6047{
padding-bottom:10px;
}
body .av-special-heading.av-av_heading-7e2e0a83a8464be06d442ba543de6047 .av-special-heading-tag .heading-char{
font-size:25px;
}
.av-special-heading.av-av_heading-7e2e0a83a8464be06d442ba543de6047 .av-subheading{
font-size:15px;
}
</style>
<div  class='av-special-heading av-av_heading-7e2e0a83a8464be06d442ba543de6047 av-special-heading-h3  avia-builder-el-0  el_before_av_textblock  avia-builder-el-first '><h3 class='av-special-heading-tag'  itemprop="headline"  >Avís legal</h3><div class="special-heading-border"><div class="special-heading-inner-border"></div></div></div>
<section  class='av_textblock_section av-av_textblock-32af9c344aeda5838e62bcf702809feb'  itemscope="itemscope" itemtype="https://schema.org/CreativeWork" ><div class='avia_textblock'  itemprop="text" ><p>Aquest lloc web utilitza cookies que permeten el funcionament i la prestació dels serveis oferts en el mateix. No recull ni cedeix dades de caràcter personal dels usuaris.</p>
<p>Aquest lloc web conté enllaços a llocs web de tercers amb polítiques de privacitat pròpies que podrà acceptar o no quan accedeixi a aquests llocs.</p>
<p>L&#8217;informem que aquest lloc web és propietat de <strong>D&#8217;4 Distribuciones Hospitalarias, S.L.</strong></p>
<p><strong> </strong></p>
<p>Denominació social: D&#8217;4 Distribuciones Hospitalarias, S.L.</p>
<p>NIF: B63190045</p>
<p>Domicili social: Sant Quintí, 37-45, Esc. B Entr. 08041 Barcelona</p>
<p>Telèfon: 934 463 460</p>
<p>Correu electrònic:<u> comercial@decuatro.es</u></p>
<p>Dades d&#8217;inscripció en el registre mercantil: Tomo: 35.574 general. Folio: 86. Hoja: 272.780 inscripción 1ª. Secc.: GENERAL</p>
<p><strong>Propietat intel·lectual i industrial</strong></p>
<p>El disseny de el lloc, així com els logotips, marques i altres signes distintius propis i de tercers que apareixen en el mateix pertanyen als seus respectius propietaris i estan protegits si escau pels corresponents drets de propietat intel·lectual i industrial.</p>
<p>Es prohibeix la reproducció total o parcial dels continguts publicats.</p>
<p>D&#8217;4 es reserva el dret a realitzar canvis en el lloc web sense previ avís a l&#8217;objecte de mantenir actualitzada la seva informació.</p>
</div></section>

<style type="text/css" data-created_by="avia_inline_auto" id="style-css-av-av_heading-fa5ac1ffa007b2d1254ea1e6ef29f7b7">
#top .av-special-heading.av-av_heading-fa5ac1ffa007b2d1254ea1e6ef29f7b7{
padding-bottom:10px;
}
body .av-special-heading.av-av_heading-fa5ac1ffa007b2d1254ea1e6ef29f7b7 .av-special-heading-tag .heading-char{
font-size:25px;
}
.av-special-heading.av-av_heading-fa5ac1ffa007b2d1254ea1e6ef29f7b7 .av-subheading{
font-size:15px;
}
</style>
<div  class='av-special-heading av-av_heading-fa5ac1ffa007b2d1254ea1e6ef29f7b7 av-special-heading-h3  avia-builder-el-2  el_after_av_textblock  el_before_av_textblock '><h3 class='av-special-heading-tag'  itemprop="headline"  >Política de Cookies</h3><div class="special-heading-border"><div class="special-heading-inner-border"></div></div></div>
<section  class='av_textblock_section av-av_textblock-32af9c344aeda5838e62bcf702809feb'  itemscope="itemscope" itemtype="https://schema.org/CreativeWork" ><div class='avia_textblock'  itemprop="text" ><p>D&#8217;4 no utilitza cookies per recollir informació dels usuaris. Únicament s&#8217;utilitzen galetes pròpies, de sessió i aquelles amb finalitat tècnica (permeten l&#8217;usuari la navegació a través del lloc web i la utilització de les diferents opcions i serveis que en ella existeixen).</p>
<p>El lloc de què és titular D&#8217;4 conté enllaços a llocs web de tercers, les polítiques de galetes són alienes a la de D&#8217;abril. A l&#8217;accés a llocs web podrà decidir si accepta la seva política de cookies. Amb caràcter general, si navega per internet, vostè pot acceptar o rebutjar les galetes de tercers des de les opcions de configuració del seu navegador.</p>
<p>Específicament, D&#8217;abril fa servir:</p>
<p>Cookie de consentiment: es diu «cookie_notice_accepted» i serveix per identificar usuaris que ja han acceptat la nostra política de cookies.</p>
<p>Google Analytics: serveixen per analitzar l&#8217;experiència de navegació de l&#8217;usuari, i permetre&#8217;ns millorar la nostra web per adaptar-nos a les seves necessitats. Normalment romanen un temps en el navegador d&#8217;usuari, fins que s&#8217;esborrin les galetes de el navegador o passi el temps definit per ser esborrat. Es diuen _ga, _ga *, i _gid. Més informació: https://support.google.com/analytics/answer/6004245?hl=es</p>
<p><strong>Què és una cookie?</strong></p>
<p>Una galeta és un petit fitxer de text que s&#8217;emmagatzema en el seu navegador quan visita gairebé qualsevol pàgina web. La seva utilitat és que el web sigui capaç de recordar la seva visita quan torni a navegar per aquesta pàgina. Les galetes solen emmagatzemar informació de caràcter tècnic, preferències personals, personalització de continguts, estadístiques d&#8217;ús, enllaços a xarxes socials, accés a comptes d&#8217;usuari, etc. L&#8217;objectiu de la galeta és adaptar el contingut de la web al seu perfil i necessitats.</p>
<p>Tipus de galetes</p>
<p>Pròpies</p>
<p>Són aquelles que s&#8217;envien a l&#8217;equip terminal de l&#8217;usuari des d&#8217;un equip o domini gestionat pel propi editor i des del qual es presta el servei sol·licitat per l&#8217;usuari.</p>
<p>De tercers</p>
<p>Aquelles que s&#8217;envien a l&#8217;equip terminal de l&#8217;usuari des d&#8217;un equip o domini gestionat per una altra entitat que tracta les dades obtingudes mitjançant les galetes i no per l&#8217;editor.</p>
<p>Galetes de sessió:</p>
<p>Permeten recordar preferències de navegació de l&#8217;usuari de la pàgina durant el temps que duri la visita, i fins que l&#8217;usuari tanca el navegador.</p>
<p>Galetes persistents:</p>
<p>Les dades segueixen emmagatzemats durant un període definit pel responsable de la galeta.</p>
<p>Galetes tècniques:</p>
<p>Permeten la navegació a través d&#8217;una pàgina web així com la utilització de les diferents opcions o serveis que inclogui.</p>
<p>Galetes d&#8217;anàlisi:</p>
<p>Recullen informació sobre el tipus de navegació i comportament dels usuaris.</p>
<p>Galetes de publicitat:</p>
<p>Mostren publicitat en funció de la navegació, país de procedència, idioma, etc.</p>
<p>Galetes de preferència:</p>
<p>Permeten recordar informació de l&#8217;usuari, com ara l&#8217;idioma.</p>
<p>Es poden desactivar les galetes?</p>
<p>Les galetes es poden eliminar i també deixar d&#8217;acceptar, de forma general o particular per a un domini específic.</p>
<p>Per canviar la configuració de les galetes d&#8217;un lloc web haurà d&#8217;anar a la configuració que normalment es troben en &#8220;opcions&#8221; o &#8220;preferències&#8221; de el menú del seu navegador.</p>
<p>A continuació, l&#8217;orientem sobre com accedir als menús dels principals navegadors:</p>
<p>Internet Explorer: Eines -&gt; Opcions d&#8217;Internet -&gt; Privacitat -&gt; Configuració.</p>
<p>Firefox: Eines -&gt; Opcions -&gt; Privadesa -&gt; Històric -&gt; Configuració personalitzada.</p>
<p>Chrome: Configuració -&gt; Mostra opcions avançades -&gt; Privadesa -&gt; Configuració de contingut.</p>
<p>Safari: Preferències -&gt; Seguretat</p>
</div></section>

<style type="text/css" data-created_by="avia_inline_auto" id="style-css-av-av_heading-fbb3f7fb191e523f2392feefdc4f5dfa">
#top .av-special-heading.av-av_heading-fbb3f7fb191e523f2392feefdc4f5dfa{
padding-bottom:10px;
}
body .av-special-heading.av-av_heading-fbb3f7fb191e523f2392feefdc4f5dfa .av-special-heading-tag .heading-char{
font-size:25px;
}
.av-special-heading.av-av_heading-fbb3f7fb191e523f2392feefdc4f5dfa .av-subheading{
font-size:15px;
}
</style>
<div  class='av-special-heading av-av_heading-fbb3f7fb191e523f2392feefdc4f5dfa av-special-heading-h3  avia-builder-el-4  el_after_av_textblock  el_before_av_textblock '><h3 class='av-special-heading-tag'  itemprop="headline"  >Política de privacitat</h3><div class="special-heading-border"><div class="special-heading-inner-border"></div></div></div>
<section  class='av_textblock_section av-av_textblock-32af9c344aeda5838e62bcf702809feb'  itemscope="itemscope" itemtype="https://schema.org/CreativeWork" ><div class='avia_textblock'  itemprop="text" ><p>A través d&#8217;aquest lloc web no es recullen dades de caràcter personal dels usuaris.</p>
<p>D&#8217;4 no utilitza cookies per recollir informació dels usuaris, ni registra les adreces IP d&#8217;accés. Únicament s&#8217;utilitzen galetes pròpies, de sessió, amb finalitat tècnica (aquelles que permeten a l&#8217;usuari la navegació a través del lloc web i la utilització de les diferents opcions i serveis que en ella existeixen).</p>
<p>El lloc de què és titular D&#8217;4 conté enllaços a llocs web de tercers, les polítiques de privacitat són alienes a la de la D&#8217;4. A l&#8217;accedir a aquests llocs web vostè pot decidir si accepta la seva política de privacitat.</p>
<p>A continuació, posem a la seva disposició la informació sobre la política de protecció de dades de D&#8217;4.</p>
<p><strong>Responsable de l&#8217;tractament</strong></p>
<p>Les dades de caràcter personal que es puguin demanar directament de la persona interessada seran tractades de forma confidencial i quedaran incorporades a la corresponent activitat de tractament titularitat de D&#8217;4.</p>
<p><strong>Finalitat</strong></p>
<p>La finalitat de l&#8217;tractament de les dades és exclusivament mantenir relacions professionals o comercials.</p>
<p><strong>Legitimació</strong></p>
<p>La base legal per al tractament de les seves dades és el consentiment que presta a l&#8217;acceptar aquesta Política de Privacitat abans de facilitar-nos les seves dades.</p>
<p><strong>Conservació de dades</strong></p>
<p>Les dades proporcionades es conservaran durant el temps necessari per complir amb la finalitat per a la qual es recullen i per determinar les possibles responsabilitats que es puguin derivar de la finalitat, a més dels períodes establerts en la normativa d&#8217;arxius i documentació.</p>
<p><strong>Comunicació de dades</strong></p>
<p>D&#8217;4 no comunicarà les seves dades a tercers, llevat que se l&#8217;informi expressament d&#8217;això o hagi obligació legal.</p>
<p><strong>Drets dels interessats</strong></p>
<p>Els drets de protecció de dades de què disposa com a interessat o titular són: accés, rectificació, supressió, oposició, limitació i portabilitat de les seves dades; així com a no ser objecte de decisions automatitzades.</p>
<p>Podrà exercir aquests drets dirigint un escrit a el domicili social de D&#8217;4 o a l&#8217;correu electrònic comercial@decuatro.es, incloent fotocòpia del seu DNI o document d&#8217;identificació equivalent.</p>
<p>Disposa així mateix d&#8217;el dret i la possibilitat de retirar el consentiment prèviament atorgat per a qualsevol finalitat específica.</p>
</div></section>
